{"id":64,"date":"2024-06-24T10:19:11","date_gmt":"2024-06-24T10:19:11","guid":{"rendered":"https:\/\/www.partiokerailijat.fi\/?page_id=64"},"modified":"2026-03-16T09:44:47","modified_gmt":"2026-03-16T09:44:47","slug":"uutiset","status":"publish","type":"page","link":"http:\/\/www.partiokerailijat.fi\/index.php\/uutiset\/","title":{"rendered":"Uutiset"},"content":{"rendered":"\n<h2 class=\"wp-block-heading\">Vuosikokous 2026<\/h2>\n\n\n\n<p>Vuosikokous pidettiin Turussa 8.3.2026. Saimme k\u00e4ytt\u00e4\u00e4 Lounais-Suomen partiopiirin kokoustiloja, iso kiitos t\u00e4st\u00e4 heille. Kiitokset my\u00f6s Partiomuseolle joka j\u00e4rjesti meille myyntitapahtuman museosta poistetuista esineist\u00e4.<\/p>\n\n\n\n<p>Kokouksessa k\u00e4siteltiin s\u00e4\u00e4nt\u00f6jen mukaiset vuosikokousasiat eli hyv\u00e4ksyttiin toimintakertomus ja tilinp\u00e4\u00e4t\u00f6s vuodelta 2025, kuultiin toiminnantarkastajan kertomus ja my\u00f6nnettiin hallitukselle vastuuvapaus.<\/p>\n\n\n\n<p>T\u00e4lle vuodelle hyv\u00e4ksyttiin toimintasuunnitelma ja talousarvio, sek\u00e4 valittiin hallitus.<\/p>\n\n\n\n<p>Kokouksen j\u00e4lkeen kuultiin Ilkka Kuivalaisen vuosikokousesitelm\u00e4 It\u00e4-Suomen erin\u00e4isten partiopiirien historiasta sek\u00e4 Partiomuseon edustajan kertomus Partiomuseoyhdistyksen toiminnasta.<\/p>\n\n\n\n<p>Hallitus j\u00e4rjest\u00e4ytyi kokouksessaan 8.3.2026. Puheenjohtajana jatkaa Elina Liippola, varapuheenjohtajana Ilkka Kuivalainen ja sihteerin\u00e4 Juha Tomberg. Rahastonhoitaja on edelleen Hannu H\u00e4nninen. Swoppauksen p\u00e4\u00e4toimittajana jatkaa Visa Liippola, ja webmasterina Victor Spiby. Ossi Ikonen jatkaa hallituksessa, ja uutena j\u00e4senen\u00e4 valittiin Anne Karppinen. Kiit\u00e4mme Hannu Kuismaa monivuotisesta ty\u00f6st\u00e4 hallituksessa.<\/p>\n\n\n\n<h2 class=\"wp-block-heading\">P\u00e4Pa 50 juhlan\u00e4yttely<\/h2>\n\n\n\n<p>P\u00e4\u00e4kaupunkiseudun Partiolaisten 50v johtajakahvien yhteydess\u00e4 Partioker\u00e4ilij\u00f6iden kilpailussa kysyttiin P\u00e4Pan piirin merkin alkuper\u00e4ist\u00e4 nime\u00e4. Oikea vastaus on &#8221;Veljespiiri&#8221;.<\/p>\n\n\n\n<p>Kaikkien kilpailuun osallistuneiden kesken arvotun tuotepalkinnon voitti Helise S\u00e4rkioja. Partioker\u00e4ilij\u00e4t onnittelee voittajaa!<\/p>\n\n\n\n<h2 class=\"wp-block-heading\">Vuosikokous 2024<\/h2>\n\n\n\n<p class=\"has-text-align-left\">Vuosikokous pidettiin Tampereella 16.3.2024. Paikan p\u00e4\u00e4ll\u00e4 oli 14 j\u00e4sent\u00e4 ja Teams-yhteydell\u00e4 kokoukseen osallistui 2 j\u00e4sent\u00e4mme. Saimme k\u00e4ytt\u00e4\u00e4 H\u00e4meen partiopiirin kokoustiloja, iso kiitos.<\/p>\n\n\n\n<p>Kokouksessa k\u00e4siteltiin s\u00e4\u00e4nt\u00f6jen mukaiset vuosikokousasiat eli hyv\u00e4ksyttiin toimintakertomus ja tilinp\u00e4\u00e4t\u00f6s vuodelta 2023, kuultiin toiminnantarkastajan kertomus ja my\u00f6nnettiin hallitukselle vastuuvapaus.<\/p>\n\n\n\n<p>T\u00e4lle vuodelle hyv\u00e4ksyttiin toimintasuunnitelma ja talousarvio, valittiin entinen hallitus jatkamaan ja hyv\u00e4ksyttiin yhdistykselle p\u00e4ivitetyt s\u00e4\u00e4nn\u00f6t, jotka astuvat voimaan, kun ne on Patentti- ja rekisteri-hallituksessa hyv\u00e4ksytty. Toiminnantarkastajaksi valittiin Klaus Juvas ja varalle Anne Toukonen.<\/p>\n\n\n\n<p>Kokouksen j\u00e4lkeen kuultiin Visa Liippolan vuosikokousesitelm\u00e4 partioker\u00e4ilyst\u00e4 ja pidettiin vilkas vaihtotapahtuma.<\/p>\n\n\n\n<p>Hallitus j\u00e4rjest\u00e4ytyi kokouksessaan 23.4.24. Puheenjohtajana jatkaa Elina Liippola, vara-puheenjohtajana Ilkka Kuivalainen ja sihteerin\u00e4 Juha Tomberg. Somevastaavana toimii Victor Spiby ja Swoppauksen p\u00e4\u00e4toimittajana Visa Liippola. Victor Spiby ja Ossi Ikonen suunnittelevat Partio-museossa olevaan n\u00e4yttelyvitriiniin vaihtuvat n\u00e4yttelyt kahdeksi vuodeksi. Rahastonhoitaja on edelleen Hannu H\u00e4nninen.<\/p>\n","protected":false},"excerpt":{"rendered":"<p>Vuosikokous 2026 Vuosikokous pidettiin Turussa 8.3.2026. Saimme k\u00e4ytt\u00e4\u00e4 Lounais-Suomen partiopiirin kokoustiloja, iso kiitos t\u00e4st\u00e4 heille. Kiitokset my\u00f6s Partiomuseolle joka j\u00e4rjesti meille myyntitapahtuman museosta poistetuista esineist\u00e4. Kokouksessa k\u00e4siteltiin s\u00e4\u00e4nt\u00f6jen mukaiset vuosikokousasiat eli hyv\u00e4ksyttiin toimintakertomus ja tilinp\u00e4\u00e4t\u00f6s vuodelta 2025, kuultiin toiminnantarkastajan kertomus ja my\u00f6nnettiin hallitukselle vastuuvapaus. T\u00e4lle vuodelle hyv\u00e4ksyttiin toimintasuunnitelma ja talousarvio, sek\u00e4 valittiin hallitus. Kokouksen j\u00e4lkeen [&hellip;]<\/p>\n","protected":false},"author":1,"featured_media":0,"parent":0,"menu_order":0,"comment_status":"closed","ping_status":"closed","template":"","meta":{"footnotes":""},"_links":{"self":[{"href":"http:\/\/www.partiokerailijat.fi\/index.php\/wp-json\/wp\/v2\/pages\/64"}],"collection":[{"href":"http:\/\/www.partiokerailijat.fi\/index.php\/wp-json\/wp\/v2\/pages"}],"about":[{"href":"http:\/\/www.partiokerailijat.fi\/index.php\/wp-json\/wp\/v2\/types\/page"}],"author":[{"embeddable":true,"href":"http:\/\/www.partiokerailijat.fi\/index.php\/wp-json\/wp\/v2\/users\/1"}],"replies":[{"embeddable":true,"href":"http:\/\/www.partiokerailijat.fi\/index.php\/wp-json\/wp\/v2\/comments?post=64"}],"version-history":[{"count":4,"href":"http:\/\/www.partiokerailijat.fi\/index.php\/wp-json\/wp\/v2\/pages\/64\/revisions"}],"predecessor-version":[{"id":114,"href":"http:\/\/www.partiokerailijat.fi\/index.php\/wp-json\/wp\/v2\/pages\/64\/revisions\/114"}],"wp:attachment":[{"href":"http:\/\/www.partiokerailijat.fi\/index.php\/wp-json\/wp\/v2\/media?parent=64"}],"curies":[{"name":"wp","href":"https:\/\/api.w.org\/{rel}","templated":true}]}}